11
In base 11, what is 2 - 137?
-135
In base 12, what is -1b + 1b?
0
In base 10, what is -5 + -613?
-618
In base 6, what is -2 - -134?
132
In base 12, what is 4 - -1114?
1118
In base 5, what is 12224 + 4?
12233
In base 15, what is a + -7?
3
In base 13, what is 68b + 5?
693
In base 2, what is -11101000 + 11?
-11100101
In base 15, what is 4a + 1b?
66
In base 16, what is -8f + -5?
-94
In base 11, what is -1 - 58?
-59
In base 9, what is 10336 + 2?
10338
In base 3, what is -11 + 1012120?
1012102
In base 16, what is 33 - 102?
-cf
In base 15, what is -6e3 + 1?
-6e2
In base 6, what is 2 + 11?
13
In base 15, what is -5 + -39?
-3e
In base 7, what is 1351 + 4?
1355
In base 10, what is -3594 + 5?
-3589
In base 11, what is 3 + -64?
-61
In base 14, what is 172a + 0?
172a
In base 2, what is -1 - -110110101?
110110100
In base 3, what is 1 - 100?
-22
In base 10, what is 14 + -21?
-7
In base 14, what is 6 + 30c?
314
In base 12, what is -149 + 4?
-145
In base 5, what is 20 - -10?
30
In base 11, what is -5 - -7?
2
In base 10, what is -24 - -372?
348
In base 16, what is a9 - -2?
ab
In base 3, what is 12 + 2201?
2220
In base 14, what is -1 - 4c?
-4d
In base 13, what is -4b3 + -4?
-4b7
In base 16, what is -36 + -2e?
-64
In base 12, what is -13 - -2b?
18
In base 4, what is 1131 + 13?
1210
In base 13, what is 500 - a?
4c3
In base 8, what is -16 + 17?
1
In base 5, what is 104 - -1?
110
In base 11, what is 19a + 4?
1a3
In base 6, what is 11 + -225?
-214
In base 16, what is -2 - -7c6?
7c4
In base 16, what is 7f6a - 5?
7f65
In base 7, what is -23 + -354?
-410
In base 6, what is -115 - 0?
-115
In base 8, what is -133 - -15?
-116
In base 14, what is 3768 - -3?
376b
In base 4, what is 10 + 113?
123
In base 13, what is -1 - -202?
201
In base 11, what is 1 - -13?
14
In base 13, what is -7 - -66?
5c
In base 16, what is 1 - -326?
327
In base 15, what is 8 - 39?
-31
In base 2, what is 11 - 1111101111000?
-1111101110101
In base 8, what is 65 - -5?
72
In base 9, what is 445 + -41?
404
In base 14, what is -1 - 1bc?
-1bd
In base 7, what is -5 - -13205?
13200
In base 12, what is -2542 - 0?
-2542
In base 3, what is 22022 + 101?
22200
In base 15, what is -4b - -c?
-3e
In base 14, what is -3 - a9b?
-aa0
In base 6, what is 4 + -143?
-135
In base 7, what is -352 + 1?
-351
In base 13, what is 0 - -29?
29
In base 10, what is 66 + 3?
69
In base 3, what is -1 - 200200?
-200201
In base 14, what is -3 + 4b?
48
In base 10, what is -1 + 1121?
1120
In base 11, what is -2 + -12?
-14
In base 13, what is -18 + -18?
-33
In base 13, what is 16 - -121?
137
In base 13, what is -237 - -4?
-233
In base 8, what is 3462 - -4?
3466
In base 2, what is 101111101 - 11?
101111010
In base 5, what is -21 - 240?
-311
In base 15, what is -417 + 5?
-412
In base 2, what is 110 - -1010100011?
1010101001
In base 12, what is -808 - -3?
-805
In base 4, what is -1 - 2221?
-2222
In base 10, what is -874 + 2?
-872
In base 10, what is -1 + 196?
195
In base 3, what is -1121110 + 2?
-1121101
In base 3, what is -12 + -20012222?
-20020011
In base 3, what is 1 - 2111?
-2110
In base 14, what is -17b + -23?
-1a0
In base 16, what is -1f - -9?
-16
In base 6, what is -1032 + 41?
-551
In base 5, what is -1 + 43?
42
In base 4, what is 301 + 2?
303
In base 15, what is -a - 24c?
-257
In base 3, what is 11002 + -11?
10221
In base 16, what is 24 + 0?
24
In base 2, what is 10010 - -100101110?
101000000
In base 3, what is 111122 + 1021?
112220
In base 15, what is -4a + 4?
-46
In base 3, what is -221 - -101110?
100112
In base 9, what is 257 + -10?
247
In base 16, what is -37 - 2?
-39
In base 12, what is 5 - 120?
-117
In base 14, what is -101 - 3?
-104
In base 15, what is 127 - -8?
130
In base 4, what is -2130 + -10?
-2200
In base 16, what is 5 - 76?
-71
In base 4, what is 111 + -2322?
-2211
In base 8, what is -10 - 50?
-60
In base 2, what is 100 - 1100101?
-1100001
In base 2, what is -1111110 - 100?
-10000010
In base 16, what is 0 - -c?
c
In base 3, what is -1 - -10201?
10200
In base 14, what is 2 - 288?
-286
In base 13, what is -4 - 80?
-84
In base 9, what is -3 - 356?
-360
In base 13, what is -40 - 7?
-47
In base 11, what is 3 - -49?
51
In base 9, what is -220 - -35?
-174
In base 3, what is 12 - -101111022?
101111111
In base 9, what is 657 - -5?
663
In base 6, what is 1 + -54?
-53
In base 5, what is -42 + 2?
-40
In base 7, what is 2205 + 25?
2233
In base 16, what is 9 - -2a?
33
In base 8, what is -144 + -1?
-145
In base 3, what is 21110 - -110?
21220
In base 16, what is 71 - -65?
d6
In base 14, what is -2 + -54?
-56
In base 11, what is 0 - 269?
-269
In base 3, what is -100 + 12222?
12122
In base 16, what is -2 - 17b5?
-17b7
In base 13, what is -19 + 5?
-14
In base 8, what is 4 - -260?
264
In base 7, what is -13 - 34?
-50
In base 4, what is 11210 + -3?
11201
In base 6, what is -1 + -344?
-345
In base 15, what is 5 + -15?
-10
In base 3, what is 221102 + 0?
221102
In base 6, what is 3403 + -3?
3400
In base 7, what is -351 - 4?
-355
In base 2, what is 11100 - 110?
10110
In base 9, what is 0 + 243?
243
In base 12, what is -782 - 2?
-784
In base 14, what is 1b + -4?
17
In base 4, what is -203 + -133?
-1002
In base 7, what is 306 + 4?
313
In base 15, what is -4 + 9b?
97
In base 15, what is 7 + -d?
-6
In base 13, what is c - 212?
-203
In base 2, what is 10011 - -110101?
1001000
In base 2, what is -1010011101 + 101?
-1010011000
In base 9, what is 18060 + 0?
18060
In base 6, what is -3021 - 22?
-3043
In base 10, what is 14 + -52?
-38
In base 7, what is -2350 + 5?
-2342
In base 7, what is 206 + -5?
201
In base 12, what is 1b1 - 28?
185
In base 3, what is -101020 - -1111?
-22202
In base 13, what is 207 + 1?
208
In base 7, what is 1546 + 0?
1546
In base 15, what is 5 - -79?
7e
In base 8, what is 3 + -3751?
-3746
In base 6, what is 3303 - 3?
3300
In base 5, what is 0 + -1210?
-1210
In base 2, what is -10 + -1?
-11
In base 10, what is -7 + 154?
147
In base 3, what is 120 - -1112?
2002
In base 7, what is 213 + -15?
165
In base 4, what is -10 + 30302?
30232
In base 16, what is 938 + 2?
93a
In base 14, what is -31 + 3?
-2c
In base 11, what is -3a - 5?
-44
In base 16, what is -110e + 5?
-1109
In base 10, what is -3 + 74?
71
In base 15, what is -1 + -1e?
-20
In base 12, what is 5 + 86?
8b
In base 3, what is 200001 + 1012?
201020
In base 4, what is 3 + 1021?
1030
In base 7, what is 11060 - 3?
11054
In base 10, what is -37 + 30?
-7
In base 5, what is 4 + 11024?
11033
In base 6, what is 5 - -133?
142
In base 8, what is 3 + 13212?
13215
In base 8, what is 24 + 6?
32
In base 15, what is 5b - 5?
56
In base 3, what is 222 - -20?
1012
In base 4, what is 133 - 12?
121
In base 12, what is -1 - -10?
b
In base 7, what is 14522 - 1?
14521
In base 15, what is 12 - 100?
-dd
In base 6, what is -3 - -2534?
2531
In base 2, what is 11 - -11010?
11101
In base 7, what is -4042 + 3?
-4036
In base 5, what is 231 + -131?
100
In base 8, what is 206 + -5?
201
In base 14, what is -317 - 2?
-319
In base 6, what is 42203 - 4?
42155
In base 7, what is -1 - 166?
-200
In base 14, what is -1b - 5?
-22
In base 5, what is -3312 - 122?
-3434
In base 16, what is 0 - -1d?
1d
In base 6, what is -1451 - 3?
-1454
In base 2, what is -1 + -101011011?
-101011100
In base 16, what is -420 - -9?
-417
In base 4, what is 32 - 21?
11
In base 9, what is 1 + -77?
-76
In base 14, what is 3 + 26?
29
In base 4, what is -2022 - 3?
-2031
In base 2, what is 100 - -1000011?
1000111
In base 10, what is -23 + -1?
-24
In base 11, what is 7574 + 2?
7576
In base 3, what is 10 + 10112?
10122
In base 8, what is 5014 + 0?
5014
In base 14, what is -9 - -42?
37
In base 9, what is -5 - -48?
43
In base 3, what is -1 - 220?
-221
In base 13, what is 6 - -5c2?
5c8
In base 8, what is 326 - 2?
324
In base 5, what is 1001024 - 4?
1001020
In base 15, what is 0 - 23?
-23
In base 10, what is -947 - -5?
-942
In base 16, what is 2 - -18?
1a
In base 15, what is -2 + 92?
90
In base 13, what is 7 + -63b?
-634
In base 9, what is -41 + 14?
-26
In base 16, what is 7 + -1b?
-14
In base 16, what is 2 - -101?
103
In base 2, what is 11 - -1000111?
1001010
In base 7, what is 1 - 305?
-304
In base 10, what is 2065 - 1?
2064
In base 4, what is 102231 + 110?
103001
In base 8, what is 4 + -366?
-362
In base 12, what is -46 - -25?
-21
In base 4, what is -